{"id":22,"date":"2015-03-31T21:17:33","date_gmt":"2015-03-31T19:17:33","guid":{"rendered":"http:\/\/airbrush.bd-creativ.de\/?page_id=22"},"modified":"2015-11-03T20:46:27","modified_gmt":"2015-11-03T19:46:27","slug":"bio","status":"publish","type":"page","link":"https:\/\/bd-creativ.de\/?page_id=22","title":{"rendered":"Bio"},"content":{"rendered":"<p>Vor einigen Jahren habe ich wieder begonnen Gitarre zu spielen. &#8222;Leider&#8220; habe ich so intensiv ge\u00fcbt, dass ich Abends den Kopf voller T\u00f6ne hatte.<\/p>\n<p>Um mich wieder ein wenig &#8222;abzuk\u00fchlen&#8220; habe ich mich wieder an die Schulzeit erinnert und wieder mit dem Malen und Zeichnen begonnen. Dabei bin ich dann auf Airbrush gestossen. Die M\u00f6glichkeiten damit fand ich so faszinierend, dass ich dabei geblieben bin.<\/p>\n<p>Nach einiger Zeit habe ich mich entschlossen, meine Kenntnisse deutlich zu vertiefen und den Fachlehrgang f\u00fcr Airbrush Design bei <a href=\"http:\/\/www.witti-design.de\/\">Witti-Design<\/a> zu belegen.<\/p>\n<p>In der <a href=\"https:\/\/bd-creativ.de\/?page_id=32\">Galerie <\/a> k\u00f6nnen Sie einige meiner Werke ansehen.<\/p>\n","protected":false},"excerpt":{"rendered":"<p>Vor einigen Jahren habe ich wieder begonnen Gitarre zu spielen. &#8222;Leider&#8220; habe ich so intensiv ge\u00fcbt, dass ich Abends den Kopf voller T\u00f6ne hatte. Um mich wieder ein wenig &#8222;abzuk\u00fchlen&#8220; habe ich mich wieder an die Schulzeit erinnert und wieder mit dem Malen und Zeichnen begonnen. Dabei bin ich dann \u2026<\/p>\n<p class=\"continue-reading-button\"> <a class=\"continue-reading-link\" href=\"https:\/\/bd-creativ.de\/?page_id=22\">Continue reading<i class=\"crycon-right-dir\"><\/i><\/a><\/p>\n","protected":false},"author":1,"featured_media":0,"parent":0,"menu_order":0,"comment_status":"closed","ping_status":"closed","template":"templates\/template-onecolumn.php","meta":{"ngg_post_thumbnail":0,"footnotes":""},"_links":{"self":[{"href":"https:\/\/bd-creativ.de\/index.php?rest_route=\/wp\/v2\/pages\/22"}],"collection":[{"href":"https:\/\/bd-creativ.de\/index.php?rest_route=\/wp\/v2\/pages"}],"about":[{"href":"https:\/\/bd-creativ.de\/index.php?rest_route=\/wp\/v2\/types\/page"}],"author":[{"embeddable":true,"href":"https:\/\/bd-creativ.de\/index.php?rest_route=\/wp\/v2\/users\/1"}],"replies":[{"embeddable":true,"href":"https:\/\/bd-creativ.de\/index.php?rest_route=%2Fwp%2Fv2%2Fcomments&post=22"}],"version-history":[{"count":8,"href":"https:\/\/bd-creativ.de\/index.php?rest_route=\/wp\/v2\/pages\/22\/revisions"}],"predecessor-version":[{"id":180,"href":"https:\/\/bd-creativ.de\/index.php?rest_route=\/wp\/v2\/pages\/22\/revisions\/180"}],"wp:attachment":[{"href":"https:\/\/bd-creativ.de\/index.php?rest_route=%2Fwp%2Fv2%2Fmedia&parent=22"}],"curies":[{"name":"wp","href":"https:\/\/api.w.org\/{rel}","templated":true}]}}